61533 is divided by 3442.
503
What is the remainder when 6560713 is divided by 15658?
11
Calculate the remainder when 240756 is divided by 546.
516
Calculate the remainder when 609722567 is divided by 468.
467
Calculate the remainder when 109890 is divided by 20.
10
What is the remainder when 2339361 is divided by 4768?
3041
Calculate the remainder when 1067016 is divided by 879.
789
Calculate the remainder when 56867809 is divided by 11.
9
Calculate the remainder when 889265 is divided by 444606.
53
Calculate the remainder when 2863173 is divided by 159064.
21
What is the remainder when 5121790 is divided by 8092?
7646
What is the remainder when 976094 is divided by 1992?
14
Calculate the remainder when 39180 is divided by 43.
7
What is the remainder when 734584 is divided by 258?
58
Calculate the remainder when 46621429 is divided by 15540469.
22
Calculate the remainder when 5210 is divided by 2518.
174
What is the remainder when 200960514 is divided by 20?
14
What is the remainder when 20173 is divided by 2077?
1480
Calculate the remainder when 1334547 is divided by 2822.
2563
What is the remainder when 37580 is divided by 2286?
1004
What is the remainder when 16918 is divided by 13892?
3026
What is the remainder when 301105 is divided by 2307?
1195
What is the remainder when 4705519 is divided by 2352702?
115
Calculate the remainder when 20918780 is divided by 58.
36
Calculate the remainder when 73547 is divided by 20.
7
What is the remainder when 1114426 is divided by 153?
127
Calculate the remainder when 1553758 is divided by 2319.
28
Calculate the remainder when 657596 is divided by 7.
2
Calculate the remainder when 8312219 is divided by 90.
89
Calculate the remainder when 4839015 is divided by 46.
45
What is the remainder when 166389 is divided by 45?
24
Calculate the remainder when 222377417 is divided by 1031.
1027
Calculate the remainder when 54854 is divided by 14.
2
What is the remainder when 12906 is divided by 4028?
822
Calculate the remainder when 118990 is divided by 5167.
149
Calculate the remainder when 433863 is divided by 2874.
2763
Calculate the remainder when 928242 is divided by 377.
68
What is the remainder when 999306 is divided by 14680?
1066
Calculate the remainder when 2035035 is divided by 44.
35
What is the remainder when 46293707 is divided by 18?
11
Calculate the remainder when 442849 is divided by 442705.
144
Calculate the remainder when 13752313 is divided by 1089.
421
What is the remainder when 167307 is divided by 318?
39
Calculate the remainder when 5603455 is divided by 16.
15
Calculate the remainder when 97401 is divided by 97383.
18
What is the remainder when 33444572 is divided by 331?
1
What is the remainder when 3671571 is divided by 2907?
30
Calculate the remainder when 5959382 is divided by 10.
2
Calculate the remainder when 381120 is divided by 174.
60
Calculate the remainder when 95308 is divided by 1315.
628
What is the remainder when 1940415 is divided by 193?
186
What is the remainder when 9569 is divided by 1505?
539
What is the remainder when 1068654 is divided by 22251?
606
What is the remainder when 615243 is divided by 2735?
2603
Calculate the remainder when 991802 is divided by 165.
152
What is the remainder when 168632620 is divided by 62?
60
What is the remainder when 1007041 is divided by 1167?
1087
What is the remainder when 3743625 is divided by 6869?
20
What is the remainder when 839307 is divided by 3872?
2955
What is the remainder when 543045 is divided by 542632?
413
Calculate the remainder when 59248685 is divided by 148.
141
Calculate the remainder when 87721497 is divided by 29240490.
27
Calculate the remainder when 1846159768 is divided by 5145.
5143
Calculate the remainder when 649488 is divided by 2417.
1732
What is the remainder when 645362 is divided by 322664?
34
Calculate the remainder when 7975667 is divided by 227866.
357
Calculate the remainder when 125890428 is divided by 69.
66
What is the remainder when 14190738 is divided by 7095309?
120
What is the remainder when 30034 is divided by 7112?
1586
Calculate the remainder when 472403 is divided by 1003.
993
What is the remainder when 1415739 is divided by 2114?
1473
What is the remainder when 60506 is divided by 1083?
941
Calculate the remainder when 221031 is divided by 529.
438
Calculate the remainder when 20580 is divided by 9641.
1298
Calculate the remainder when 237124 is divided by 1810.
14
Calculate the remainder when 3733970 is divided by 622312.
98
Calculate the remainder when 3211060 is divided by 12117.
55
Calculate the remainder when 288632 is divided by 4801.
572
Calculate the remainder when 326868 is divided by 162827.
1214
Calculate the remainder when 2923614 is divided by 24.
6
Calculate the remainder when 5488342 is divided by 108.
106
What is the remainder when 2957782 is divided by 11376?
22
Calculate the remainder when 347495 is divided by 8885.
980
What is the remainder when 1629017 is divided by 1733?
1730
Calculate the remainder when 2509954 is divided by 5040.
34
Calculate the remainder when 14239452 is divided by 285.
282
What is the remainder when 721632 is divided by 244?
124
What is the remainder when 2044126 is divided by 21746?
2
Calculate the remainder when 528714 is divided by 528028.
686
What is the remainder when 12977 is divided by 44?
41
Calculate the remainder when 365402501 is divided by 183.
179
Calculate the remainder when 7042425 is divided by 1173736.
9
Calculate the remainder when 10575448 is divided by 142.
140
What is the remainder when 7592 is divided by 5330?
2262
What is the remainder when 266272 is divided by 4051?
2957
Calculate the remainder when 4812366 is divided by 1203090.
6
Calculate the remainder when 9903823 is divided by 225.
223
What is the remainder when 1509724 is divided by 1164?
16
What is the remainder when 5393338 is divided by 2349?
34
Calculate the remainder when 735532 is divided by 452.
128
What is the remainder when 11968962 is divided by 4952?
4930
Calculate the remainder when 1089734 is divided by 446.
156
Calculate the remainder when 1491527571 is divided by 17.
16
What is the remainder when 546179 is divided by 182024?
107
Calculate the remainder when 2320050 is divided by 623.
621
What is the remainder when 311801155 is divided by 2042?
7
What is the remainder when 15495 is divided by 574?
571
What is the remainder when 305547740 is divided by 369019?
8
Calculate the remainder when 161255 is divided by 580.
15
What is the remainder when 1795246 is divided by 748?
46
What is the remainder when 63897698 is divided by 1665?
1658
Calculate the remainder when 6629 is divided by 1543.
457
What is the remainder when 4557145 is divided by 122?
79
Calculate the remainder when 61050756 is divided by 3077.
3076
Calculate the remainder when 5954989 is divided by 1699.
1693
Calculate the remainder when 206397 is divided by 1142.
837
Calculate the remainder when 239821 is divided by 34250.
71
Calculate the remainder when 2734053 is divided by 295.
288
What is the remainder when 75193 is divided by 233?
167
What is the remainder when 1049505 is divided by 5896?
17
What is the remainder when 5250347 is divided by 1627?
18
Calculate the remainder when 371802 is divided by 343.
333
What is the remainder when 8192529 is divided by 150?
129
Calculate the remainder when 1911457 is divided by 31.
28
Calculate the remainder when 240264 is divided by 2730.
24
Calculate the remainder when 1153152 is divided by 1750.
1652
Calculate the remainder when 135765 is divided by 5425.
140
Calculate the remainder when 1877 is divided by 294.
113
What is the remainder when 58890334 is divided by 622?
618
Calculate the remainder when 67350 is divided by 70.
10
What is the remainder when 1542186 is divided by 89?
83
What is the remainder when 194712 is divided by 6610?
3022
Calculate the remainder when 5493119 is divided by 1373265.
59
What is the remainder when 628072 is divided by 31402?
32
What is the remainder when 226000 is divided by 1712?
16
What is the remainder when 1158135 is divided by 5705?
20
What is the remainder when 59812 is divided by 2?
0
What is the remainder when 2277986 is divided by 295?
291
Calculate the remainder when 11847 is divided by 1307.
84
Cal